e hundreds digit of (-6)/c + (-24689)/(-28)?
8
What is the units digit of ((-1318850)/25)/((-12 + 2)/5)?
7
Let h be 2/(-3)*(-59 - 1). Let r be ((-244)/(-305))/((-1)/(-5)). Let y = h - r. What is the units digit of y?
6
Let w(c) = c**3 - 9*c**2 + 8*c - 11. Suppose b + 3*b = -4*x + 16, b - 12 = x. Let k be w(b). Let f(v) = 2*v**2 + 15*v + 12. What is the tens digit of f(k)?
8
Let t(d) = 1224*d - 1278. What is the units digit of t(8)?
4
Let b(f) = 74*f**3 - 4*f**2 + f + 2. Let p be b(2). Suppose 0 = 4*g + 2*h - 324, -5*g - 5*h - 180 = -p. What is the tens digit of g?
8
What is the ten thousands digit of (-2)/(-12)*(-138)/(-23) - -48317?
4
Let t(x) = 2*x + 160 + 170 - 28. Let v be t(0). Suppose 5*p = 123 + v. What is the tens digit of p?
8
Let l be 24/7*(5 - -2). Let z = -20 + l. Suppose 4*d = 3*k - 231, k = 5*k - z*d - 304. What is the units digit of k?
3
Let h(j) = 16*j**2 + 16*j + 16. Suppose 19*m + 4 + 72 = 0. What is the hundreds digit of h(m)?
2
Let d be (-3)/(-5) + 7/5. What is the hundreds digit of 203274/299 + d/13?
6
Let s be (0 - 25)*4/4. Let r = 27 + s. Suppose -x - r*x + 101 = y, 2*y - 206 = -5*x. What is the units digit of y?
3
Let x(f) = 5*f**2 - 61*f - 4. Suppose -51*i + 30*i = -399. What is the hundreds digit of x(i)?
6
Suppose 4697 - 19792 = -3*c + 2*p, -5*c + p = -25163. What is the hundreds digit of c?
0
Let a = 123 - 115. Suppose -1122 = -a*c + 1766. What is the hundreds digit of c?
3
Let p = -2637 + 1481. Let u = 498 + p. What is the units digit of u/(-7)*1/2*1?
7
Suppose -2*v + v + w = -1086, -6*v = -w - 6506. What is the thousands digit of v?
1
Suppose -4*y - 5 + 21 = 0. Suppose y*m - 156 = -x, 214 = 4*m - 2*x + 58. What is the units digit of m?
9
Let y(l) = 102*l - 145. What is the hundreds digit of y(7)?
5
Let n be (-3 + 5)/(-2) + 211. Suppose 7*h - n = 4445. What is the units digit of h?
5
Suppose 109*p - 106*p = 318. Let g = -97 + p. Suppose -g*f + 74 = -1861. What is the hundreds digit of f?
2
Let i = 31901 - 3892. What is the ten thousands digit of i?
2
Suppose w + 38750 = 4*j, -5*j = -896*w + 892*w - 48432. What is the units digit of j?
8
Suppose 0 = -3*t + 4*g - 30, 5*t + 47 = 3*g - 3. Let p(a) = -70*a - 169. What is the hundreds digit of p(t)?
5
Let f(d) be the second derivative of -d**5/4 - 3*d**4/4 - d**3/2 + 3*d**2 + 8*d. What is the units digit of f(-6)?
0
Let o be -1461*(7 + (-29)/3). Suppose -72*j + o = -68*j. What is the hundreds digit of j?
9
Suppose -6*z = -4*z - 2, 4*o - 3*z + 867 = 0. Let r be (-3)/3 - (-10 + -1). What is the units digit of r/2*o/(-15)?
2
Suppose -18*u + 13*u = -0*u - 73645. What is the units digit of u?
9
Let x = 6151 + -2137. What is the tens digit of x?
1
Let c = -228 + 320. What is the hundreds digit of (69/c)/((-3)/(-6416))?
6
Suppose 19*t - 16417 = 10430. Suppose 2*f - 100 = g + t, 0 = -4*g + 20. What is the units digit of f?
9
Let v = -75 - -79. Suppose 14*o - 2740 = v*o. What is the hundreds digit of o?
2
Suppose 0*a - 39 = -13*a. Suppose -a*w + 8*w = -5*m + 2085, 4*w + 2*m = 1674. What is the units digit of w?
0
Let j(r) be the second derivative of -r**3 - 2*r**2 + r. Let p be (-10 - -5) + 5 + -7. What is the units digit of j(p)?
8
What is the units digit of (-9 - 186)/(-13) - -1731?
6
Suppose 5*k - 47640 = -2005 + 1130. What is the hundreds digit of k?
3
Let g = 9856 + -2676. What is the units digit of g?
0
Let d(f) = 6*f - 37. Let i be d(6). Let a be -233*(i - (0 + 0)). Let l = a + -129. What is the hundreds digit of l?
1
Suppose -a + 1 = -h, 3*a - a + 5*h = 23. Suppose 0 = -2*i + 2*p - 3*p + 429, i + a*p = 197. Suppose 120*r = 121*r - i. What is the units digit of r?
7
Let q = -49 - -580. Suppose 870 = 5*l + 2*n, 0 = -3*l - 7*n + 4*n + q. Suppose -11*k = 40 - l. What is the units digit of k?
2
Suppose -60660 = -5*h + 3*g + 24949, 5*g + 15 = 0. What is the tens digit of h?
2
Let r(c) = -c**3 - 4*c**2 + 29*c - 287. What is the tens digit of r(-33)?
3
Suppose 2*t = -5*j + 7*t + 2335, -5*t - 15 = 0. Suppose 9*i - 1499 + j = 0. What is the tens digit of i?
1
Let q = 58662 - 24683. What is the thousands digit of q?
3
Let s(u) = 8*u**2 - 3*u - 1. Let z be s(-5). Let k = z + -369. What is the tens digit of (-6)/(60/k) + (-1)/(-2)?
1
Suppose 45 = -3*s - 3*b, -5*b = -5*s - b - 57. Let d(p) = p + 19. Let r be d(s). Suppose r*n - 236 = 4*n. What is the units digit of n?
8
Suppose -2*i = g - 2490 - 3031, -5*g + 2*i + 27569 = 0. Suppose 0 = 5*u + y - g, 5*u + 2*y - 5530 = -2*y. What is the units digit of u?
2
Let f = -68 - -36. What is the hundreds digit of (-1 - 1) + 68*(-168)/f?
3
Suppose -15*o = 8*o + 1771. What is the tens digit of 824/10 + o/55 + 1?
8
Let b be ((-3)/(-6))/(3 - 25/8). Let f be 0/(-6 - -4 - b). Let z(q) = -q**2 - 2*q + 96. What is the units digit of z(f)?
6
Suppose -29*f + 159406 = -31878. What is the tens digit of f?
9
Suppose 2 = 2*x - 22. Suppose 4*z - 4 - x = 0, 30 = 2*n + 5*z. Suppose n*l - 5*o - 605 = 0, 2*l + 3*l - 4*o = 610. What is the units digit of l?
6
Let b(d) = 3*d**2 + 39*d + 23. Let j be b(-23). Let t = j + -537. What is the units digit of t?
6
What is the units digit of -42 - -48771 - (-7)/(-21)*(-12)/(-2)?
7
Suppose 0 = 235*j - 463009 - 575456. What is the units digit of j?
9
Suppose 292*y = 286*y + 32808. What is the thousands digit of y?
5
Suppose -u = -54 - 19. Let x = u - 73. What is the units digit of (-3)/(-3) - (-33)/(x + 3)?
2
Let s(u) = u**2 + u - 10. Let z be s(-4). Suppose -z*h = -24 + 20. What is the units digit of (-692)/(-8) - (3/h - 1)?
6
Suppose -116*r + 90*r = -774020. What is the hundreds digit of r?
7
Let d be 18/7 - 135/(-315). Suppose 0 = k + n - 1355 + 337, 5*n + 3014 = d*k. What is the tens digit of k?
1
Let v = 20057 + -13142. What is the tens digit of v?
1
Let r(z) = -2*z - 1. Let g(b) = 44*b + 16. Let k(q) = -3*g(q) - 42*r(q). What is the units digit of k(-8)?
8
Let h be 1*2/(-4)*(-13669 - -27). Suppose h + 1827 = 8*f. What is the tens digit of f?
8
Suppose k + 16523 = 2*b, -9*b + 7*b + 16517 = k. What is the thousands digit of b?
8
Suppose -f + 11160 = u, -2*f = 3*u - 17863 - 4463. What is the ten thousands digit of f?
1
Let x = -89737 + 155964. What is the hundreds digit of x?
2
Let l = 33698 + -17986. What is the units digit of l?
2
Suppose 0 = 3*t - 4*f - 10795, -2*f + 1527 = -t + 5122. What is the tens digit of t?
0
Suppose 5*m + 12 = -5*c + m, -m = 3. Suppose -o + 3*l = -486, 2*o + 0*l + 5*l - 983 = c. Let j = o + -339. What is the tens digit of j?
5
Suppose 0 = -10*d - 98 - 302. Let t be 3/(4*(-6)/d). Suppose 5*n - 230 = -2*a + 2*n, t*n + 438 = 4*a. What is the tens digit of a?
1
Let n = -16183 - -48859. What is the ten thousands digit of n?
3
Let y = 249 + -244. Suppose 2*z - y*h = -3*h + 2098, z + 5*h = 1037. What is the hundreds digit of z?
0
Suppose -27*s + 10562 = -62851. Let z = s - 1882. What is the hundreds digit of z?
8
Let m = 29 - 37. Let d(b) = 2*b + 24. Let a be d(m). Suppose 119 = a*n + 9*n. What is the units digit of n?
7
Let m(c) = 899*c**2 - 262*c + 17. What is the tens digit of m(5)?
8
Let n be 5350/50*((-2)/2 - -4). Suppose -7*o + n = -1527. What is the tens digit of o?
6
Let l(a) = a**2 - 2*a - 1. Let y = 6 + -1. Suppose -2*i = 4*t - 3*i + 14, 4*i + 28 = -y*t. What is the units digit of l(t)?
3
Suppose 0 = 29*q - 25*q - 12. Suppose -v - 908 = -m, v - 1855 = -q*m + 869. What is the tens digit of m?
0
Let m(d) = -35*d**2 - 1233*d + 1. What is the thousands digit of m(-27)?
7
Let l = 80 + -77. Let i(r) = -460*r + 15. Let o be i(l). What is the units digit of ((-16)/(-10))/(-7*6/o)?
2
Let y be 8 + -5 + 7/(-7). Suppose -326 - 320 = -y*t. What is the tens digit of t?
2
Suppose -u - 2*o = -14985, 158*u = 155*u + 3*o + 44946. What is the units digit of u?
3
Suppose 2*f - 1050 = -4*h, 0*f - 264 = -h - 2*f. Let s = h - -133. What is the hundreds digit of s?
3
Let r be (-6)/(-42) - (-1 + 4)/21. Suppose -5*f = r, 0*f + 5*f = -2*n - 370. Let x = 322 + n. What is the hundreds digit of x?
1
Let y(j) = -4*j + 40. Let r be y(-6). Suppose -53 + r = a. Suppose -260 = -a*w + 6*w. What is the tens digit of w?
5
Let d(f) = -f**2 - 20*f - 19. Let s = -36 + 31. Let p = -21 - s. What is the units digit of d(p)?
5
Let r be 4 - (3 - 1)/2. Let f = -674 + 688. Suppose r = o - 2*b, 6*b - f = -2*o + 2*b. What is the units dig